{"id":1695,"date":"2017-12-27T00:50:21","date_gmt":"2017-12-26T22:50:21","guid":{"rendered":"https:\/\/trifectawines.hu\/?page_id=1695"},"modified":"2018-01-03T23:41:55","modified_gmt":"2018-01-03T21:41:55","slug":"about","status":"publish","type":"page","link":"https:\/\/trifecta.hu\/eng\/about\/","title":{"rendered":"About"},"content":{"rendered":"<div class=\"wpb-content-wrapper\"><div class=\"vc_row wpb_row vc_row-fluid vc_custom_1514652720235\"><div class=\"wpb_column vc_column_container vc_col-sm-12\"><div class=\"vc_column-inner  vc_custom_1514418501730\"><div class=\"wpb_wrapper\">\n\t<div class=\"wpb_text_column wpb_content_element\" >\n\t\t<div class=\"wpb_wrapper\">\n\t\t\t<h1 style=\"text-align: center; font-size: 48px;\">ABOUT<\/h1>\n\n\t\t<\/div>\n\t<\/div>\n<\/div><\/div><\/div><\/div><div data-vc-full-width=\"true\" data-vc-full-width-init=\"false\" class=\"vc_row wpb_row vc_row-fluid vc_custom_1514418655757\"><div class=\"wpb_column vc_column_container vc_col-sm-2\"><div class=\"vc_column-inner\"><div class=\"wpb_wrapper\"><\/div><\/div><\/div><div class=\"wpb_column vc_column_container vc_col-sm-8\"><div class=\"vc_column-inner  vc_custom_1458555142589\"><div class=\"wpb_wrapper\">\n\t<div class=\"title-subtitle-box\" style=\" text-align: center;\">\n\t\t<h1 style=\" font-style: normal;\">Our philosophy<\/h1>\n\t<\/div> \n\t<div class=\"wpb_text_column wpb_content_element\" >\n\t\t<div class=\"wpb_wrapper\">\n\t\t\t<hr \/>\n<p style=\"text-align: center;\"><em>There is no wine without emotion. Good wine is like true love; in the first taste our soul senses it. Our wines are born in the noble vineyards of Tokaj &#8211; Hegyalja where the earth and the sky meet, where the sun\u2019s rays and the morning dew touch our vines at once, here our vineyards ripen quietly. This is our wonderful Tokaj wine region.<\/em><\/p>\n\n\t\t<\/div>\n\t<\/div>\n<\/div><\/div><\/div><div class=\"wpb_column vc_column_container vc_col-sm-2\"><div class=\"vc_column-inner\"><div class=\"wpb_wrapper\"><\/div><\/div><\/div><\/div><div class=\"vc_row-full-width vc_clearfix\"><\/div><div data-vc-full-width=\"true\" data-vc-full-width-init=\"false\" data-vc-stretch-content=\"true\" class=\"vc_row wpb_row vc_row-fluid vc_custom_1514652771532 vc_row-has-fill vc_row-no-padding\"><div class=\"wpb_column vc_column_container vc_col-sm-2\"><div class=\"vc_column-inner\"><div class=\"wpb_wrapper\"><\/div><\/div><\/div><div class=\"wpb_column vc_column_container vc_col-sm-8\"><div class=\"vc_column-inner  vc_custom_1458555142589\"><div class=\"wpb_wrapper\">\n\t<div class=\"title-subtitle-box\" style=\" text-align: center;\">\n\t\t<p  style=\" color:#b8976d; \">T\u00e1llya<\/p>\n\t\t<h1 style=\" font-style: normal;\">History<\/h1>\n\t<\/div> \n\t<div class=\"wpb_text_column wpb_content_element\" >\n\t\t<div class=\"wpb_wrapper\">\n\t\t\t<hr style=\"margin-top: -18px;\" \/>\n<p>The Tokaj-Hegyalja region and T\u00e1llya within it was designated a World Heritage Site in 2002. According to some, the town lies in the geographic center of Europe. Undoubtedly, it adds unforgettable experiences to visitors due to its charm, fine wines, and hospitality.<\/p>\n<p>Joining the European Union has opened up many possibilities to present its wide range of natural, historical and cultural resources. T\u00e1llya is a destination for domestic and foreign tourists alike.<\/p>\n\n\t\t<\/div>\n\t<\/div>\n<div class=\"gg-horizontal-list\"><dl class=\"horizontal\">\n\t<dt >Foundation<\/dt>\n\t<dd >15th century<\/p>\n<p><\/dd>\n\t<dt >Region<\/dt>\n\t<dd >37,96 km\u00b2<\/p>\n<p><\/dd>\n\t<dt >Population<\/dt>\n\t<dd >1892 people<br \/>\n<\/dd><\/dl><\/div><\/div><\/div><\/div><div class=\"wpb_column vc_column_container vc_col-sm-2\"><div class=\"vc_column-inner\"><div class=\"wpb_wrapper\"><\/div><\/div><\/div><\/div><div class=\"vc_row-full-width vc_clearfix\"><\/div><div data-vc-full-width=\"true\" data-vc-full-width-init=\"false\" class=\"vc_row wpb_row vc_row-fluid vc_custom_1514321232488\"><div class=\"wpb_column vc_column_container vc_col-sm-12\"><div class=\"vc_column-inner  vc_custom_1514321964207\"><div class=\"wpb_wrapper\">\n\t<div class=\"title-subtitle-box\" style=\" text-align: center;\">\n\t\t<h1 style=\" font-style: normal;\">Our vineyard locations<\/h1>\n\t<\/div> <\/div><\/div><\/div><div class=\"wpb_column vc_column_container vc_col-sm-7 vc_col-lg-8 vc_col-md-8\"><div class=\"vc_column-inner  vc_custom_1514321772828\"><div class=\"wpb_wrapper\">\n\t<div class=\"title-subtitle-box\" style=\" text-align: left;\">\n\t\t<h3 style=\" font-style: normal;\">St. Thomas, M\u00e1d<\/h3>\n\t<\/div> \n\t<div class=\"wpb_text_column wpb_content_element\" >\n\t\t<div class=\"wpb_wrapper\">\n\t\t\t<p>Mineralic, fresh, dense flavors, characterize volcanic wine. One of the most well known volcanic vineyards in the Tokaj region is St. Thomas. We Hungarians love our locally produced wines and recognize that the Tokaj wine region produces some of the most unique wines in the world. Relative water scarcity and the intensive minerality of the soil act together to affect the highly concentrated flavor of the grapes, which is also reflected in the wine.<\/p>\n<p>The St. Thomas vineyard is recognized undoubtedly as being one of the most sacred vineyards in the Tokaj Wine Region. It is the birthplace of our best wines that originate from the top of this prestigous, first-class vineyard. Our furmints reflect the characteristics of this vineyard &#8211; its soul, its acidity and the full harmony of flavors.<\/p>\n\n\t\t<\/div>\n\t<\/div>\n<\/div><\/div><\/div><div class=\"wpb_column vc_column_container vc_col-sm-5 vc_col-lg-4 vc_col-md-4 vc_col-has-fill\"><div class=\"vc_column-inner  vc_custom_1514321671371\"><div class=\"wpb_wrapper\">\n\t<div class=\"title-subtitle-box\" style=\" text-align: left;\">\n\t\t<h3 style=\" font-style: normal;\">Wines<\/h3>\n\t<\/div> \n\t<div class=\"gg_list list_style_line\">\n<ul>\n<li><a style=\"color: black;\" href=\"https:\/\/trifecta.hu\/eng\/en\/wines\/szent-tamas-campbell-tokaj-furmint-2013-dry-white-wine\/\">St. Thomas &#8211; Campbell Tokaj Furmint 2013<\/a><\/li>\n<li><a style=\"color: black;\" href=\"https:\/\/trifecta.hu\/eng\/en\/wines\/gran-reserva-1820-tokaj-furmint-2014-dry-white-wine\/\">Gran Reserva 1820 Tokaj Furmint 2014<\/a><\/li>\n<li><a style=\"color: black;\" href=\"https:\/\/trifecta.hu\/eng\/en\/wines\/szent-tamas-karsten-tokaj-furmint-2015-dry-white-wine\/\">St. Thomas &#8211; Karsten Tokaj Furmint 2015<\/a><\/li>\n<\/ul>\n<\/div><div class=\"vc_btn3-container vc_btn3-inline vc_custom_1514931119551 vc_do_btn\" ><a style=\"background-color:#000000; color:#ffffff;\" class=\"vc_general vc_btn3 vc_btn3-size-md vc_btn3-shape-square vc_btn3-style-custom\" href=\"https:\/\/trifecta.hu\/eng\/en\/wines\/\" title=\"Webshop\">Webshop<\/a><\/div><\/div><\/div><\/div><\/div><div class=\"vc_row-full-width vc_clearfix\"><\/div><div data-vc-full-width=\"true\" data-vc-full-width-init=\"false\" class=\"vc_row wpb_row vc_row-fluid vc_custom_1514323077992 vc_row-has-fill\"><div class=\"wpb_column vc_column_container vc_col-sm-7 vc_col-lg-4 vc_col-md-4 vc_col-has-fill\"><div class=\"vc_column-inner  vc_custom_1514319376467\"><div class=\"wpb_wrapper\">\n\t<div class=\"title-subtitle-box\" style=\" text-align: left;\">\n\t\t<h3 style=\" font-style: normal;\">Wines<\/h3>\n\t<\/div> \n\t<div class=\"gg_list list_style_line\">\n<ul>\n<li><a style=\"color: black;\" href=\"https:\/\/trifecta.hu\/eng\/en\/wines\/szerelmi-tokaj-furmint-2015-dry-white-wine\/\">Szerelmi Tokaj Furmint 2015<\/a><\/li>\n<\/ul>\n<\/div><div class=\"vc_btn3-container vc_btn3-inline vc_custom_1514931119551 vc_do_btn\" ><a style=\"background-color:#000000; color:#ffffff;\" class=\"vc_general vc_btn3 vc_btn3-size-md vc_btn3-shape-square vc_btn3-style-custom\" href=\"https:\/\/trifecta.hu\/eng\/en\/wines\/\" title=\"Webshop\">Webshop<\/a><\/div><\/div><\/div><\/div><div class=\"wpb_column vc_column_container vc_col-sm-5 vc_col-lg-8 vc_col-md-8\"><div class=\"vc_column-inner  vc_custom_1514321877904\"><div class=\"wpb_wrapper\">\n\t<div class=\"title-subtitle-box\" style=\" text-align: left;\">\n\t\t<h3 style=\" font-style: normal;\">Szerelmi, Tokaj<\/h3>\n\t<\/div> \n\t<div class=\"wpb_text_column wpb_content_element\" >\n\t\t<div class=\"wpb_wrapper\">\n\t\t\t<p>One of Tokaj&#8217;s most famous loess vineyards is the Szerelmi vineyard that rises above the town of Tokaj. Due to the thickness of the dune wall &#8211; 10 to 30 meters &#8211; the vines here produce grapes that are among the most beautiful and fruity. The wines from here are fragrant, elegant and easy drinking. Furmint fans and those new to furmint are sure to embrace this wine as one of their favorites!<\/p>\n\n\t\t<\/div>\n\t<\/div>\n<\/div><\/div><\/div><\/div><div class=\"vc_row-full-width vc_clearfix\"><\/div><div class=\"vc_row wpb_row vc_row-fluid vc_custom_1514652898339\"><div class=\"wpb_column vc_column_container vc_col-sm-12\"><div class=\"vc_column-inner\"><div class=\"wpb_wrapper\"><div class=\"wpb_gallery wpb_content_element vc_clearfix vc_custom_1515013760650 wpb_content_element\" ><div class=\"wpb_wrapper\"><div class=\"wpb_gallery_slides wpb_flexslider flexslider_fade flexslider\" data-interval=\"3\" data-flex_fx=\"fade\"><ul class=\"slides\"><li><img loading=\"lazy\" decoding=\"async\" width=\"1920\" height=\"1280\" src=\"https:\/\/trifecta.hu\/wp-content\/uploads\/2018\/01\/IMG_2122.jpg\" class=\"attachment-full\" alt=\"\" title=\"\" \/><\/li><li><img loading=\"lazy\" decoding=\"async\" width=\"1920\" height=\"1280\" src=\"https:\/\/trifecta.hu\/wp-content\/uploads\/2016\/03\/trifecta-wines-hungary-tokaj-RG8_6586.jpg\" class=\"attachment-full\" alt=\"\" title=\"trifecta-wines-hungary-tokaj-RG8_6586\" srcset=\"https:\/\/trifecta.hu\/wp-content\/uploads\/2016\/03\/trifecta-wines-hungary-tokaj-RG8_6586.jpg 1920w, https:\/\/trifecta.hu\/wp-content\/uploads\/2016\/03\/trifecta-wines-hungary-tokaj-RG8_6586-450x300.jpg 450w, https:\/\/trifecta.hu\/wp-content\/uploads\/2016\/03\/trifecta-wines-hungary-tokaj-RG8_6586-600x400.jpg 600w\" sizes=\"auto, (max-width: 1920px) 100vw, 1920px\" \/><\/li><li><img loading=\"lazy\" decoding=\"async\" width=\"1920\" height=\"1280\" src=\"https:\/\/trifecta.hu\/wp-content\/uploads\/2016\/03\/trifecta-wines-hungary-tokaj-RG8_6539.jpg\" class=\"attachment-full\" alt=\"\" title=\"trifecta-wines-hungary-tokaj-RG8_6539\" srcset=\"https:\/\/trifecta.hu\/wp-content\/uploads\/2016\/03\/trifecta-wines-hungary-tokaj-RG8_6539.jpg 1920w, https:\/\/trifecta.hu\/wp-content\/uploads\/2016\/03\/trifecta-wines-hungary-tokaj-RG8_6539-450x300.jpg 450w, https:\/\/trifecta.hu\/wp-content\/uploads\/2016\/03\/trifecta-wines-hungary-tokaj-RG8_6539-600x400.jpg 600w\" sizes=\"auto, (max-width: 1920px) 100vw, 1920px\" \/><\/li><li><img loading=\"lazy\" decoding=\"async\" width=\"1920\" height=\"1280\" src=\"https:\/\/trifecta.hu\/wp-content\/uploads\/2017\/12\/8.jpg\" class=\"attachment-full\" alt=\"\" title=\"8\" srcset=\"https:\/\/trifecta.hu\/wp-content\/uploads\/2017\/12\/8.jpg 1920w, https:\/\/trifecta.hu\/wp-content\/uploads\/2017\/12\/8-450x300.jpg 450w, https:\/\/trifecta.hu\/wp-content\/uploads\/2017\/12\/8-600x400.jpg 600w, https:\/\/trifecta.hu\/wp-content\/uploads\/2017\/12\/8-300x200.jpg 300w, https:\/\/trifecta.hu\/wp-content\/uploads\/2017\/12\/8-768x512.jpg 768w, https:\/\/trifecta.hu\/wp-content\/uploads\/2017\/12\/8-1024x683.jpg 1024w\" sizes=\"auto, (max-width: 1920px) 100vw, 1920px\" \/><\/li><li><img loading=\"lazy\" decoding=\"async\" width=\"2500\" height=\"1667\" src=\"https:\/\/trifecta.hu\/wp-content\/uploads\/2017\/12\/IMG_2125.jpg\" class=\"attachment-full\" alt=\"\" title=\"\" \/><\/li><\/ul><\/div><\/div><\/div><\/div><\/div><\/div><\/div><div data-vc-full-width=\"true\" data-vc-full-width-init=\"false\" class=\"vc_row wpb_row vc_row-fluid vc_custom_1514683657870 vc_row-has-fill vc_row-o-full-height vc_row-o-columns-middle vc_row-flex\"><div class=\"wpb_column vc_column_container vc_col-sm-12\"><div class=\"vc_column-inner\"><div class=\"wpb_wrapper\"><div class=\"vc_row wpb_row vc_inner vc_row-fluid vc_custom_1515010150386 vc_row-has-fill vc_row-o-content-middle vc_row-flex\"><div class=\"wpb_column vc_column_container vc_col-sm-12\"><div class=\"vc_column-inner\"><div class=\"wpb_wrapper\">\n\t<div class=\"wpb_text_column wpb_content_element  vc_custom_1515010224762\" >\n\t\t<div class=\"wpb_wrapper\">\n\t\t\t<h2 style=\"text-align: center; color: white;\">According to an anecdote&#8230;<\/h2>\n\n\t\t<\/div>\n\t<\/div>\n\n\t<div class=\"wpb_text_column wpb_content_element\" >\n\t\t<div class=\"wpb_wrapper\">\n\t\t\t<h5 style=\"text-align: center; color: white;\">Pope Pius IV tasted a glass of wine from T\u00e1llya at the time of the Trentine Synod and made this statement:<br \/>\n\u201eSummum Pontificem talia vina decent!\u201d &#8211;<br \/>\n\u201eThis kind of wine is worthy to be on His Holiness&#8217; table!\u201d<\/h5>\n\n\t\t<\/div>\n\t<\/div>\n<div class=\"vc_btn3-container vc_btn3-center vc_do_btn\" ><a style=\"background-color:#b0976d; color:#ffffff;\" class=\"vc_general vc_btn3 vc_btn3-size-md vc_btn3-shape-square vc_btn3-style-custom\" href=\"https:\/\/trifecta.hu\/eng\/en\/wines\/\" title=\"Wines\">Follow The Legend:<br \/>\nWines<\/a><\/div><\/div><\/div><\/div><\/div><\/div><\/div><\/div><\/div><div class=\"vc_row-full-width vc_clearfix\"><\/div>\n<\/div>","protected":false},"excerpt":{"rendered":"ABOUT Our philosophy There is no wine without emotion. Good wine is like true love; in the first taste our soul senses it. Our wines are born in the noble<br class=\"read-more-spacer\"> <a class=\"more-link\" href=\"https:\/\/trifecta.hu\/eng\/about\/\">Read More<\/a>","protected":false},"author":39,"featured_media":1836,"parent":0,"menu_order":0,"comment_status":"closed","ping_status":"closed","template":"","meta":{"_acf_changed":false,"_seopress_robots_primary_cat":"","_seopress_titles_title":"","_seopress_titles_desc":"T\u00e1llya T\u00f6rt\u00e9nete Tokaj-Hegyalja \u00e9s azon bel\u00fcl T\u00e1llya 2002-t\u0151l kult\u00fart\u00e1jk\u00e9nt a Vil\u00e1g\u00f6r\u00f6ks\u00e9g r\u00e9sz\u00e9t k\u00e9pezi. K\u00f6zs\u00e9g\u00fcnk szerint\u00fcnk Eur\u00f3pa m\u00e9rtani k\u00f6zepe.","_seopress_robots_index":"","footnotes":""},"class_list":["post-1695","page","type-page","status-publish","has-post-thumbnail","hentry"],"acf":[],"_links":{"self":[{"href":"https:\/\/trifecta.hu\/eng\/wp-json\/wp\/v2\/pages\/1695","targetHints":{"allow":["GET"]}}],"collection":[{"href":"https:\/\/trifecta.hu\/eng\/wp-json\/wp\/v2\/pages"}],"about":[{"href":"https:\/\/trifecta.hu\/eng\/wp-json\/wp\/v2\/types\/page"}],"author":[{"embeddable":true,"href":"https:\/\/trifecta.hu\/eng\/wp-json\/wp\/v2\/users\/39"}],"replies":[{"embeddable":true,"href":"https:\/\/trifecta.hu\/eng\/wp-json\/wp\/v2\/comments?post=1695"}],"version-history":[{"count":23,"href":"https:\/\/trifecta.hu\/eng\/wp-json\/wp\/v2\/pages\/1695\/revisions"}],"predecessor-version":[{"id":1729,"href":"https:\/\/trifecta.hu\/eng\/wp-json\/wp\/v2\/pages\/1695\/revisions\/1729"}],"wp:featuredmedia":[{"embeddable":true,"href":"https:\/\/trifecta.hu\/eng\/wp-json\/wp\/v2\/media\/1836"}],"wp:attachment":[{"href":"https:\/\/trifecta.hu\/eng\/wp-json\/wp\/v2\/media?parent=1695"}],"curies":[{"name":"wp","href":"https:\/\/api.w.org\/{rel}","templated":true}]}}